{"id":3443,"date":"2025-11-05T02:23:49","date_gmt":"2025-11-05T02:23:49","guid":{"rendered":"https:\/\/mosareldecor.com\/?post_type=product&#038;p=3443"},"modified":"2026-04-15T16:55:00","modified_gmt":"2026-04-15T16:55:00","slug":"cera-taupe","status":"publish","type":"product","link":"https:\/\/mosareldecor.com\/index.php\/product\/cera-taupe\/","title":{"rendered":"CERA TAUPE 250 ml"},"content":{"rendered":"<p>Las ceras de Mosarel DECOR son elaboradas en Holanda y contienen cera de abeja y\u00a0 carnauba \u201cla reina de las ceras\u201d para proteger y embellecer sus muebles.\u00a0 Puede usarlas sobre superficies porosas como maderas sin tratar o sobre barnices o pinturas mate.\u00a0 Son ideales para sellar\u00a0 chalk paint y pintura mineral.<\/p>\n<p><strong>MODO DE EMPLEO:\u00a0<\/strong><\/p>\n<p>PREPARACI\u00d3N: Aseg\u00farese que la superficie est\u00e9 limpia y seca antes de aplicar el producto. Se puede aplicar en superficies previamente pintadas o sin pintar.<\/p>\n<p>APLICACI\u00d3N: Aplique con brocha para encerar o un pa\u00f1o libre de pelusas (preferentemente algod\u00f3n blanco) de forma uniforme en toda la pieza.\u00a0 Retire los excesos y deje reposar dando oportunidad a que seque\u00a0 al menos 15 minutos (o hasta 1 hora, esto depender\u00e1 de la temperatura ambiental) y despu\u00e9s puede pulir la superficie con un trapo o con un cepillo de cerdas suaves\u00a0 (el proceso es muy parecido al de lustrar los zapatos).\u00a0 Repita el proceso para obtener un acabado de alto brillo y m\u00e1xima durabilidad.<\/p>\n<p><strong>TIPs EXTRA:<\/strong><\/p>\n<ul>\n<li>Dos manos de cera son recomendables para protecci\u00f3n general en muebles y\u00a0 tres en cubiertas.<\/li>\n<li>La cera tambi\u00e9n se puede utilizar como limpiador en piezas previamente enceradas (y curadas), \u00a1Es muy eficaz!<\/li>\n<li>Si desea un acabado menos intenso con una cera de color, aplique primero una capa de cera transparente (permita que repose y luego pula) y luego una capa de cera de color.<\/li>\n<\/ul>\n<p>COBERTURA: Cubre aproximadamente 4 m2 dependiendo de la superficie y la t\u00e9cnica de aplicaci\u00f3n.<\/p>\n<p>TIEMPO DE SECADO: Aunque puede aplicar la segunda capa despu\u00e9s de haber pulido la primera, obtendr\u00e1 mejores resultados si espera al menos 1 hora entre capas de ceras. Espere al menos 48 horas antes de manipular la pieza, el producto cura totalmente en 21 d\u00edas.<\/p>\n<p><strong>Encerar la pieza proporciona protecci\u00f3n,\u00a0 ayuda a su mantenimiento y proporciona un acabado natural e inigualable.<\/strong><\/p>\n<p>Las ceras son f\u00e1ciles de aplicar y adem\u00e1s ayudan a crear diferentes acabados en el mueble, podemos utilizar cera transparente (clear) para proteger y no alterar el color escogido pero si aplicamos cera dark brown, anthracite, taupe, white chalk, sparkling silver o sparkling gold\u00a0 se consiguen efectos decorativos muy atractivos.<\/p>\n","protected":false},"excerpt":{"rendered":"<div class=\"text-box\">\n<div class=\"woocommerce-product-details__short-description\">\n<p class=\"desc\">La cera taupe\u00a0 250 ml, es una cera de alta calidad ideal para proteger madera sin tratar o sellar pintura chalk paint o mineral otorgando una<strong> p\u00e1tina caf\u00e9 gris\u00e1ceo .<\/strong>\u00a0 Tambi\u00e9n puede utilizarse sobre otras pinturas y barnices mate.\u00a0 Es f\u00e1cil de aplicar y otorga a los muebles un tacto sedoso (no pegajoso).<\/p>\n<\/div>\n<\/div>\n","protected":false},"featured_media":3447,"comment_status":"open","ping_status":"closed","template":"","meta":{"site-sidebar-layout":"default","site-content-layout":"","ast-site-content-layout":"default","site-content-style":"default","site-sidebar-style":"default","ast-global-header-display":"","ast-banner-title-visibility":"","ast-main-header-display":"","ast-hfb-above-header-display":"","ast-hfb-below-header-display":"","ast-hfb-mobile-header-display":"","site-post-title":"","ast-breadcrumbs-content":"","ast-featured-img":"","footer-sml-layout":"","theme-transparent-header-meta":"default","adv-header-id-meta":"","stick-header-meta":"","header-above-stick-meta":"","header-main-stick-meta":"","header-below-stick-meta":"","astra-migrate-meta-layouts":"set","ast-page-background-enabled":"default","ast-page-background-meta":{"desktop":{"background-color":"var(--ast-global-color-4)","background-image":"","background-repeat":"repeat","background-position":"center center","background-size":"auto","background-attachment":"scroll","background-type":"","background-media":"","overlay-type":"","overlay-color":"","overlay-gradient":""},"tablet":{"background-color":"","background-image":"","background-repeat":"repeat","background-position":"center center","background-size":"auto","background-attachment":"scroll","background-type":"","background-media":"","overlay-type":"","overlay-color":"","overlay-gradient":""},"mobile":{"background-color":"","background-image":"","background-repeat":"repeat","background-position":"center center","background-size":"auto","background-attachment":"scroll","background-type":"","background-media":"","overlay-type":"","overlay-color":"","overlay-gradient":""}},"ast-content-background-meta":{"desktop":{"background-color":"var(--ast-global-color-5)","background-image":"","background-repeat":"repeat","background-position":"center center","background-size":"auto","background-attachment":"scroll","background-type":"","background-media":"","overlay-type":"","overlay-color":"","overlay-gradient":""},"tablet":{"background-color":"var(--ast-global-color-5)","background-image":"","background-repeat":"repeat","background-position":"center center","background-size":"auto","background-attachment":"scroll","background-type":"","background-media":"","overlay-type":"","overlay-color":"","overlay-gradient":""},"mobile":{"background-color":"var(--ast-global-color-5)","background-image":"","background-repeat":"repeat","background-position":"center center","background-size":"auto","background-attachment":"scroll","background-type":"","background-media":"","overlay-type":"","overlay-color":"","overlay-gradient":""}}},"product_brand":[],"product_cat":[45],"product_tag":[64],"class_list":{"0":"post-3443","1":"product","2":"type-product","3":"status-publish","4":"has-post-thumbnail","6":"product_cat-ceras","7":"product_tag-ceras-para-muebles","8":"desktop-align-center","9":"tablet-align-left","10":"mobile-align-left","12":"first","13":"instock","14":"featured","15":"taxable","16":"shipping-taxable","17":"purchasable","18":"product-type-simple"},"_links":{"self":[{"href":"https:\/\/mosareldecor.com\/index.php\/wp-json\/wp\/v2\/product\/3443","targetHints":{"allow":["GET"]}}],"collection":[{"href":"https:\/\/mosareldecor.com\/index.php\/wp-json\/wp\/v2\/product"}],"about":[{"href":"https:\/\/mosareldecor.com\/index.php\/wp-json\/wp\/v2\/types\/product"}],"replies":[{"embeddable":true,"href":"https:\/\/mosareldecor.com\/index.php\/wp-json\/wp\/v2\/comments?post=3443"}],"wp:featuredmedia":[{"embeddable":true,"href":"https:\/\/mosareldecor.com\/index.php\/wp-json\/wp\/v2\/media\/3447"}],"wp:attachment":[{"href":"https:\/\/mosareldecor.com\/index.php\/wp-json\/wp\/v2\/media?parent=3443"}],"wp:term":[{"taxonomy":"product_brand","embeddable":true,"href":"https:\/\/mosareldecor.com\/index.php\/wp-json\/wp\/v2\/product_brand?post=3443"},{"taxonomy":"product_cat","embeddable":true,"href":"https:\/\/mosareldecor.com\/index.php\/wp-json\/wp\/v2\/product_cat?post=3443"},{"taxonomy":"product_tag","embeddable":true,"href":"https:\/\/mosareldecor.com\/index.php\/wp-json\/wp\/v2\/product_tag?post=3443"}],"curies":[{"name":"wp","href":"https:\/\/api.w.org\/{rel}","templated":true}]}}