{"id":1420,"date":"2024-05-09T22:49:33","date_gmt":"2024-05-09T22:49:33","guid":{"rendered":"https:\/\/mosareldecor.com\/?post_type=product&#038;p=1420"},"modified":"2026-03-14T07:10:23","modified_gmt":"2026-03-14T07:10:23","slug":"taller-trae-tu-mueble","status":"publish","type":"product","link":"https:\/\/mosareldecor.com\/index.php\/product\/taller-trae-tu-mueble\/","title":{"rendered":"Taller &#8220;Trae tu mueble&#8221; (presencial)"},"content":{"rendered":"<p><strong style=\"font-size: 16px;\">\u00bfQu\u00e9 haremos durante el curso?<\/strong><\/p>\n<div class=\"detail-descript\">\n<p class=\"desc\">Primero que nada debes enviar una fotograf\u00eda del mueble en su estado actual y una fotograf\u00eda de un mueble que desees tomar como inspiraci\u00f3n. El curso tiene una duraci\u00f3n variada de 2 a 3 ma\u00f1anas durante las cuales nos enfocaremos a transformar tu mueble de acuerdo al modelo de la fotograf\u00eda que env\u00edes.<\/p>\n<\/div>\n<p>Las fotograf\u00edas las puedes enviar al WhatsApp 8442869616.<\/p>\n<div class=\"detail-descript\">\n<p><strong>\u00bfQu\u00e9 tipo de mueble puedes llevar?<\/strong><\/p>\n<p class=\"desc\">Es importante que puedas cargar sin ayuda tu mueble,\u00a0 como por ejemplo un <strong>bur\u00f3 o una mesita o alg\u00fan otro mueble peque\u00f1o<\/strong>.\u00a0 Si deseas llevar un <strong>mueble m\u00e1s grande<\/strong>, por favor considera que el <strong>costo aumenta<\/strong>, pregunta detalles por WhatsApp.<\/p>\n<p class=\"desc\">El mueble deber estar limpio de polvo y grasa.\u00a0 No debe tener partes sueltas o requerir arreglos de carpinter\u00eda.\u00a0 En el curso nos enfocaremos a las t\u00e9cnicas de pintura y aunque en ocasiones resanamos algunas partes del mueble que lo requieran, el curso no est\u00e1 orientado a realizar mayores ajustes de carpinter\u00eda.<\/p>\n<\/div>\n<p><strong>\u00bfQu\u00e9 ventajas tendr\u00e1s de transformar un mueble en el taller de Mosarel DECOR?<\/strong><\/p>\n<p>Adem\u00e1s del asesoramiento y acompa\u00f1amiento, tendr\u00e1s a tu disposici\u00f3n todos los materiales del taller: variedad de tonos de pintura mate, satinada y met\u00e1lica, ceras, diferentes dise\u00f1os de plantillas, sellos y moldes.\u00a0 \u00a1Todo para que logres el dise\u00f1o que tengas en mente!<\/p>\n<div class=\"detail-descript\">\n<p><strong>\u00bfD\u00f3nde se imparte?\u00a0<\/strong>En las instalaciones de Mosarel DECOR en Saltillo, Coahuila.\u00a0 Blvd. Jos\u00e9 Musa de Le\u00f3n 3040 local 8 en la plaza LeBen.<\/p>\n<p><strong>\u00bfCu\u00e1nto tiempo dura y cu\u00e1ndo es?\u00a0\u00a0<\/strong>Dos a tres sesiones de 9 am a 2 pm.\u00a0 \u00a0Esto depender\u00e1 del estado del mueble y del dise\u00f1o a realizar.\u00a0 Tenemos fechas disponibles cada mes, selecciona la que m\u00e1s te convenga, o bien, <strong>cont\u00e1ctanos para agendar en otras fechas o organizar un curso grupal en casa. <\/strong><\/p>\n<p class=\"desc\"><strong style=\"font-size: 16px;\">\u00bfCu\u00e1l es el costo? <\/strong><span style=\"font-size: 16px;\">El costo es de $4,000 para un mueble peque\u00f1o.\u00a0 Incluye la asesor\u00eda y los materiales.\u00a0 Si quieres participar con un mueble de tama\u00f1o m\u00e1s grande, cont\u00e1ctanos primero.<\/span><\/p>\n<\/div>\n<p><strong>Modalidad:\u00a0<\/strong>Presencial<\/p>\n<p><strong>\u00bfTienes alguna duda?\u00a0<\/strong>Chatea con nosotros en el WhatsApp 8442869616<\/p>\n","protected":false},"excerpt":{"rendered":"<p>\u00bfQuieres transformar tus muebles pero no sabes por d\u00f3nde empezar?\u00a0<strong> \u00a1Haz tu primer mueble con nosotros!<\/strong> En este curso podr\u00e1s llevar un mueble peque\u00f1o al taller de Mosarel DECOR y transformarlo sinti\u00e9ndote en compa\u00f1\u00eda.\u00a0 Hemos transformado muchos muebles en nuestro taller y cr\u00e9enos, algunos parec\u00edan casos perdidos.\u00a0 As\u00ed que si\u00e9ntete en confianza, no s\u00f3lo cuidaremos que sigas un proceso ordenado, te daremos muchos tips\u00a0 con el af\u00e1n de reducir tu curva de aprendizaje y tratar de evitar que pases por los tropezones t\u00edpicos de principiantes.<\/p>\n<p><strong>\u00bfD\u00f3nde se imparte?\u00a0<\/strong>En las instalaciones de Mosarel DECOR en Saltillo, Coahuila.\u00a0 Blvd. Jos\u00e9 Musa de Le\u00f3n 3040 local 8 en la plaza LeBen.<\/p>\n<p><strong>\u00bfCu\u00e1nto tiempo dura y cu\u00e1ndo es?\u00a0\u00a0<\/strong>Dos a tres sesiones de 9 am a 2 pm.\u00a0 \u00a0Esto depender\u00e1 del estado del mueble y del dise\u00f1o a realizar.\u00a0 Tenemos fechas disponibles cada mes, selecciona la que m\u00e1s te convenga, o bien, <strong>cont\u00e1ctanos para agendar en otras fechas o organizar un curso grupal en casa.<\/strong><\/p>\n<div class=\"detail-descript\">\n<p class=\"desc\"><strong style=\"font-size: 16px;\">\u00bfCu\u00e1l es el costo? <\/strong><span style=\"font-size: 16px;\">El costo es de $4000 para un mueble peque\u00f1o.\u00a0 Incluye la asesor\u00eda y los materiales.\u00a0 Si quieres participar con un mueble de tama\u00f1o m\u00e1s grande, cont\u00e1ctanos primero.<\/span><\/p>\n<\/div>\n<p><strong>Modalidad:\u00a0<\/strong>Presencial<\/p>\n<p><strong>\u00bfTienes alguna duda?\u00a0<\/strong>Chatea con nosotros en el WhatsApp 8442869616<\/p>\n","protected":false},"featured_media":3478,"comment_status":"open","ping_status":"closed","template":"","meta":{"site-sidebar-layout":"default","site-content-layout":"","ast-site-content-layout":"default","site-content-style":"default","site-sidebar-style":"default","ast-global-header-display":"","ast-banner-title-visibility":"","ast-main-header-display":"","ast-hfb-above-header-display":"","ast-hfb-below-header-display":"","ast-hfb-mobile-header-display":"","site-post-title":"","ast-breadcrumbs-content":"","ast-featured-img":"","footer-sml-layout":"","theme-transparent-header-meta":"default","adv-header-id-meta":"","stick-header-meta":"","header-above-stick-meta":"","header-main-stick-meta":"","header-below-stick-meta":"","astra-migrate-meta-layouts":"set","ast-page-background-enabled":"default","ast-page-background-meta":{"desktop":{"background-color":"var(--ast-global-color-4)","background-image":"","background-repeat":"repeat","background-position":"center center","background-size":"auto","background-attachment":"scroll","background-type":"","background-media":"","overlay-type":"","overlay-color":"","overlay-gradient":""},"tablet":{"background-color":"","background-image":"","background-repeat":"repeat","background-position":"center center","background-size":"auto","background-attachment":"scroll","background-type":"","background-media":"","overlay-type":"","overlay-color":"","overlay-gradient":""},"mobile":{"background-color":"","background-image":"","background-repeat":"repeat","background-position":"center center","background-size":"auto","background-attachment":"scroll","background-type":"","background-media":"","overlay-type":"","overlay-color":"","overlay-gradient":""}},"ast-content-background-meta":{"desktop":{"background-color":"var(--ast-global-color-5)","background-image":"","background-repeat":"repeat","background-position":"center center","background-size":"auto","background-attachment":"scroll","background-type":"","background-media":"","overlay-type":"","overlay-color":"","overlay-gradient":""},"tablet":{"background-color":"var(--ast-global-color-5)","background-image":"","background-repeat":"repeat","background-position":"center center","background-size":"auto","background-attachment":"scroll","background-type":"","background-media":"","overlay-type":"","overlay-color":"","overlay-gradient":""},"mobile":{"background-color":"var(--ast-global-color-5)","background-image":"","background-repeat":"repeat","background-position":"center center","background-size":"auto","background-attachment":"scroll","background-type":"","background-media":"","overlay-type":"","overlay-color":"","overlay-gradient":""}}},"product_brand":[],"product_cat":[54,85],"product_tag":[84],"class_list":{"0":"post-1420","1":"product","2":"type-product","3":"status-publish","4":"has-post-thumbnail","6":"product_cat-cursos","7":"product_cat-cursos-presenciales","8":"product_tag-cursos","9":"desktop-align-center","10":"tablet-align-left","11":"mobile-align-left","13":"first","14":"instock","15":"featured","16":"taxable","17":"shipping-taxable","18":"purchasable","19":"product-type-variable"},"_links":{"self":[{"href":"https:\/\/mosareldecor.com\/index.php\/wp-json\/wp\/v2\/product\/1420","targetHints":{"allow":["GET"]}}],"collection":[{"href":"https:\/\/mosareldecor.com\/index.php\/wp-json\/wp\/v2\/product"}],"about":[{"href":"https:\/\/mosareldecor.com\/index.php\/wp-json\/wp\/v2\/types\/product"}],"replies":[{"embeddable":true,"href":"https:\/\/mosareldecor.com\/index.php\/wp-json\/wp\/v2\/comments?post=1420"}],"wp:featuredmedia":[{"embeddable":true,"href":"https:\/\/mosareldecor.com\/index.php\/wp-json\/wp\/v2\/media\/3478"}],"wp:attachment":[{"href":"https:\/\/mosareldecor.com\/index.php\/wp-json\/wp\/v2\/media?parent=1420"}],"wp:term":[{"taxonomy":"product_brand","embeddable":true,"href":"https:\/\/mosareldecor.com\/index.php\/wp-json\/wp\/v2\/product_brand?post=1420"},{"taxonomy":"product_cat","embeddable":true,"href":"https:\/\/mosareldecor.com\/index.php\/wp-json\/wp\/v2\/product_cat?post=1420"},{"taxonomy":"product_tag","embeddable":true,"href":"https:\/\/mosareldecor.com\/index.php\/wp-json\/wp\/v2\/product_tag?post=1420"}],"curies":[{"name":"wp","href":"https:\/\/api.w.org\/{rel}","templated":true}]}}