{"id":2342,"date":"2024-06-04T01:01:54","date_gmt":"2024-06-04T01:01:54","guid":{"rendered":"https:\/\/mosareldecor.com\/?page_id=2342"},"modified":"2024-06-05T00:25:03","modified_gmt":"2024-06-05T00:25:03","slug":"esquema-de-aplicacion-chalky-look","status":"publish","type":"page","link":"https:\/\/mosareldecor.com\/index.php\/esquema-de-aplicacion-chalky-look\/","title":{"rendered":"Esquema de aplicaci\u00f3n Chalky Look"},"content":{"rendered":"<div class=\"wpb-content-wrapper\"><p>[vc_row][vc_column width=&#8221;1\/4&#8243;][vc_single_image image=&#8221;2344&#8243; alignment=&#8221;center&#8221; css=&#8221;&#8221;][\/vc_column][vc_column width=&#8221;3\/4&#8243;][vc_column_text css=&#8221;&#8221;]<\/p>\n<h4 style=\"text-align: center;\">FLEUR CHALKY LOOK<\/h4>\n<p>[\/vc_column_text][vc_column_text css=&#8221;&#8221;]<\/p>\n<h5 style=\"text-align: center;\">ESQUEMA DE APLICACI\u00d3N<\/h5>\n<p>[\/vc_column_text][\/vc_column][\/vc_row][vc_row][vc_column][vc_single_image image=&#8221;2354&#8243; img_size=&#8221;full&#8221; css=&#8221;&#8221;][\/vc_column][\/vc_row][vc_row][vc_column][vc_column_text css=&#8221;&#8221;]<\/p>\n<p class=\"cvGsUA direction-ltr align-justify para-style-body\"><span class=\"OYPEnA text-decoration-none text-strikethrough-none\"><strong>FLEUR DESIGNER\u2019S PAINT CHALKY LOOK es una pintura mineral de acabado mate y apariencia calc\u00e1rea<\/strong>. <\/span><span class=\"OYPEnA text-decoration-none text-strikethrough-none\">Es la pintura de un dise\u00f1ador por su acabado extraordinariamente mate y la vitalidad de sus colores. La diferencia entre Fleur y otras pinturas radica en la especial selecci\u00f3n de minerales contenidos en su receta, capaces de refractar y difundir la luz sobre la superficie pintada, d\u00e1ndole una nueva dimensionalidad. Las luces y las sombras se realzan, su alto contenido de pigmentos crea colores vibrantes y las superficies adquieren una profundidad crom\u00e1tica excepcional.<\/span><\/p>\n<p class=\"cvGsUA direction-ltr align-justify para-style-body\"><strong><span class=\"OYPEnA text-decoration-none text-strikethrough-none\">APLICACI\u00d3N:<\/span><\/strong> <span class=\"OYPEnA text-decoration-none text-strikethrough-none\">Aseg\u00farese de que la superficie a pintar est\u00e9 limpia y seca. Quite cualquier descamaci\u00f3n de pintura vieja.<\/span> <span class=\"OYPEnA text-decoration-none text-strikethrough-none\">Si es necesario, aplique una imprimaci\u00f3n espec\u00edfica.<\/span><\/p>\n<p class=\"cvGsUA direction-ltr align-justify para-style-body\"><span class=\"OYPEnA text-decoration-none text-strikethrough-none\">Aplicar directamente sobre superficies dos manos de Fleur Chalky Look con brocha o rodillo de esponja.<\/span> <span class=\"OYPEnA text-decoration-none text-strikethrough-none\">Deje secar entre 4 y 6 horas entre cada capa de pintura. M\u00e1s detalles en \u201cM\u00e9todos de aplicaci\u00f3n\u201d.<\/span><\/p>\n<p class=\"cvGsUA direction-ltr align-justify para-style-body\"><span class=\"OYPEnA text-decoration-none text-strikethrough-none\"><strong>AUTONIVELANTE<\/strong> &#8211; R\u00e1pida aplicaci\u00f3n\u00a0<\/span><\/p>\n<p class=\"cvGsUA direction-ltr align-justify para-style-body\"><strong><span class=\"OYPEnA text-decoration-none text-strikethrough-none\">IDEAL PARA:<\/span><\/strong> <span class=\"OYPEnA text-decoration-none text-strikethrough-none\">Paredes interiores, accesorios de decoraci\u00f3n, muebles<\/span> <span class=\"OYPEnA text-decoration-none text-strikethrough-none\">y muchas otras superficies.<\/span> <span class=\"OYPEnA text-decoration-none text-strikethrough-none\">Rendimientos formatos disponibles: 330 ml 4,5 m2 aprox. 0,750 ml 9 m2 aprox.<\/span><\/p>\n<p class=\"cvGsUA direction-ltr align-justify para-style-body\"><span class=\"OYPEnA text-decoration-none text-strikethrough-none\">AMIGABLE CON EL MEDIO AMBIENTE &#8211; <\/span><span class=\"OYPEnA text-decoration-none text-strikethrough-none\">Nivel m\u00ednimo de compuestos org\u00e1nicos vol\u00e1tiles (COV) y empaque reciclable.<\/span><\/p>\n<p class=\"cvGsUA direction-ltr align-justify para-style-body\"><strong><span class=\"OYPEnA text-decoration-none text-strikethrough-none\">MADERA-METAL-PL\u00c1STICO-FORMICA\u00ae<\/span><\/strong><\/p>\n<p class=\"cvGsUA direction-ltr align-justify para-style-body\"><strong><span class=\"OYPEnA text-decoration-none text-strikethrough-none\">MET\u00d3DOS DE APLICACI\u00d3N<\/span><\/strong><\/p>\n<p class=\"cvGsUA direction-ltr align-justify para-style-body\"><span class=\"OYPEnA text-decoration-none text-strikethrough-none\">Sobre superficies NO absorbentes como metal, pl\u00e1stico o materiales pintados aplicar una mano de <a href=\"https:\/\/mosareldecor.com\/index.php\/product\/primer-universal-300-ml\/\">Fleur Primer Universal<\/a> (secado 24 horas). Sobre superficies absorbentes como madera en bruto o papel, aplicar una mano de Wood Primer (secado 4 horas). <\/span><\/p>\n<p class=\"cvGsUA direction-ltr align-justify para-style-body\"><span class=\"OYPEnA text-decoration-none text-strikethrough-none\"><strong>&#8211;<\/strong><\/span><strong><span class=\"OYPEnA text-decoration-none text-strikethrough-none\">Metal:<\/span><\/strong><span class=\"OYPEnA text-decoration-none text-strikethrough-none\"> Si el metal est\u00e1 oxidado, remueva el \u00f3xido, limpie bien y permita que seque completamente. Aplique primer anticorrosivo en spray antes de pintar con 2 capas de Fleur Chalky Look. Si la superficie est\u00e1 previamente pintada, aplique 1 capa de\u00a0<a href=\"https:\/\/mosareldecor.com\/index.php\/product\/primer-universal-300-ml\/\"> Fleur Primer Universal<\/a> (permita que seque durante 24 horas) antes de aplicar 2 capas de Fleur Chalky Look.<\/span><\/p>\n<p class=\"cvGsUA direction-ltr align-justify para-style-body\"><strong><span class=\"OYPEnA text-decoration-none text-strikethrough-none\">&#8211;<\/span><span class=\"OYPEnA text-decoration-none text-strikethrough-none\">Superficies enceradas:<\/span><\/strong><span class=\"OYPEnA text-decoration-none text-strikethrough-none\"> Remover la cera con <a href=\"https:\/\/mosareldecor.com\/index.php\/product\/removedor-de-cera-citrico-330-ml\/\">Removedor de cera c\u00edtrico<\/a>\u00a0 antes de pintar con 2 capas de<\/span> <span class=\"OYPEnA text-decoration-none text-strikethrough-none\">Fleur Chalky Look.<\/span><\/p>\n<p class=\"cvGsUA direction-ltr align-justify para-style-body\"><strong><span class=\"OYPEnA text-decoration-none text-strikethrough-none\">&#8211;<\/span><span class=\"OYPEnA text-decoration-none text-strikethrough-none\">Exteriores: <\/span><\/strong><span class=\"OYPEnA text-decoration-none text-strikethrough-none\">limpie con <a href=\"https:\/\/mosareldecor.com\/index.php\/product\/limpiador-1-litro\/\">Fleur Cleaner<\/a>\u00a0 o\u00a0<a href=\"https:\/\/mosareldecor.com\/index.php\/product\/limpiador-universal-330-ml\/\">Limpiador Universal<\/a>\u00a0 aplique 1 capa de Fleur Primer Universal y luego 2 capas de Fleur Chalky Look.<\/span> <span class=\"OYPEnA text-decoration-none text-strikethrough-none\">Aplique una capa de barniz transparente como acabado.<\/span><\/p>\n<p class=\"cvGsUA direction-ltr align-justify para-style-body\"><strong><span class=\"OYPEnA text-decoration-none text-strikethrough-none\">CONSEJO:<\/span><\/strong> Para aumentar la resistencia al desgaste, termine sus proyectos con 2 manos de <a href=\"https:\/\/mosareldecor.com\/index.php\/product\/cera-transparente-base-agua\/\">cera al agua<\/a> o <a href=\"https:\/\/mosareldecor.com\/index.php\/product\/cera-nobile-multiuso-shabby-fleur-250-ml\/\">cera shabby<\/a> o con una mano de barniz de acabado transparente (secado:\u00a04-6\u00a0horas).<\/p>\n<p class=\"cvGsUA direction-ltr align-justify para-style-body\"><span class=\"OYPEnA text-decoration-none text-strikethrough-none\">*Rendimiento por capa probadas en superficies no absorbentes o superficies preparadas adecuadamente.<\/span><\/p>\n<p class=\"cvGsUA direction-ltr align-justify para-style-body\"><span class=\"OYPEnA text-decoration-none text-strikethrough-none\">\ud83d\udccd130 ml 1,5 m2 approx.<\/span><\/p>\n<p class=\"cvGsUA direction-ltr align-justify para-style-body\"><span class=\"OYPEnA text-decoration-none text-strikethrough-none\">\ud83d\udccd330 ml 4,5 m2 approx.<\/span><\/p>\n<p class=\"cvGsUA direction-ltr align-justify para-style-body\"><span class=\"OYPEnA text-decoration-none text-strikethrough-none\">\ud83d\udccd0,750 ml 9 m2 approx.<\/span><\/p>\n<p class=\"cvGsUA direction-ltr align-justify para-style-body\"><span class=\"OYPEnA text-decoration-none text-strikethrough-none\">\ud83d\udccd2,5 lt 30 m2 approx.<\/span><\/p>\n<p>[\/vc_column_text][\/vc_column][\/vc_row]<\/p>\n<\/div>","protected":false},"excerpt":{"rendered":"<p>[vc_row][vc_column width=&#8221;1\/4&#8243;][vc_single_image image=&#8221;2344&#8243; alignment=&#8221;center&#8221; css=&#8221;&#8221;][\/vc_column][vc_column width=&#8221;3\/4&#8243;][vc_column_text css=&#8221;&#8221;] FLEUR CHALKY LOOK [\/vc_column_text][vc_column_text css=&#8221;&#8221;] ESQUEMA DE APLICACI\u00d3N [\/vc_column_text][\/vc_column][\/vc_row][vc_row][vc_column][vc_single_image image=&#8221;2354&#8243; img_size=&#8221;full&#8221; css=&#8221;&#8221;][\/vc_column][\/vc_row][vc_row][vc_column][vc_column_text css=&#8221;&#8221;] [&hellip;]<\/p>\n","protected":false},"author":2,"featured_media":0,"parent":0,"menu_order":0,"comment_status":"closed","ping_status":"closed","template":"","meta":{"site-sidebar-layout":"no-sidebar","site-content-layout":"plain-container","ast-site-content-layout":"default","site-content-style":"default","site-sidebar-style":"default","ast-global-header-display":"","ast-banner-title-visibility":"","ast-main-header-display":"","ast-hfb-above-header-display":"","ast-hfb-below-header-display":"","ast-hfb-mobile-header-display":"","site-post-title":"disabled","ast-breadcrumbs-content":"","ast-featured-img":"disabled","footer-sml-layout":"","theme-transparent-header-meta":"default","adv-header-id-meta":"","stick-header-meta":"","header-above-stick-meta":"","header-main-stick-meta":"","header-below-stick-meta":"","astra-migrate-meta-layouts":"set","ast-page-background-enabled":"default","ast-page-background-meta":{"desktop":{"background-color":"var(--ast-global-color-4)","background-image":"","background-repeat":"repeat","background-position":"center center","background-size":"auto","background-attachment":"scroll","background-type":"","background-media":"","overlay-type":"","overlay-color":"","overlay-gradient":""},"tablet":{"background-color":"","background-image":"","background-repeat":"repeat","background-position":"center center","background-size":"auto","background-attachment":"scroll","background-type":"","background-media":"","overlay-type":"","overlay-color":"","overlay-gradient":""},"mobile":{"background-color":"","background-image":"","background-repeat":"repeat","background-position":"center center","background-size":"auto","background-attachment":"scroll","background-type":"","background-media":"","overlay-type":"","overlay-color":"","overlay-gradient":""}},"ast-content-background-meta":{"desktop":{"background-color":"var(--ast-global-color-5)","background-image":"","background-repeat":"repeat","background-position":"center center","background-size":"auto","background-attachment":"scroll","background-type":"","background-media":"","overlay-type":"","overlay-color":"","overlay-gradient":""},"tablet":{"background-color":"var(--ast-global-color-5)","background-image":"","background-repeat":"repeat","background-position":"center center","background-size":"auto","background-attachment":"scroll","background-type":"","background-media":"","overlay-type":"","overlay-color":"","overlay-gradient":""},"mobile":{"background-color":"var(--ast-global-color-5)","background-image":"","background-repeat":"repeat","background-position":"center center","background-size":"auto","background-attachment":"scroll","background-type":"","background-media":"","overlay-type":"","overlay-color":"","overlay-gradient":""}},"footnotes":""},"class_list":["post-2342","page","type-page","status-publish","hentry"],"_links":{"self":[{"href":"https:\/\/mosareldecor.com\/index.php\/wp-json\/wp\/v2\/pages\/2342","targetHints":{"allow":["GET"]}}],"collection":[{"href":"https:\/\/mosareldecor.com\/index.php\/wp-json\/wp\/v2\/pages"}],"about":[{"href":"https:\/\/mosareldecor.com\/index.php\/wp-json\/wp\/v2\/types\/page"}],"author":[{"embeddable":true,"href":"https:\/\/mosareldecor.com\/index.php\/wp-json\/wp\/v2\/users\/2"}],"replies":[{"embeddable":true,"href":"https:\/\/mosareldecor.com\/index.php\/wp-json\/wp\/v2\/comments?post=2342"}],"version-history":[{"count":11,"href":"https:\/\/mosareldecor.com\/index.php\/wp-json\/wp\/v2\/pages\/2342\/revisions"}],"predecessor-version":[{"id":2406,"href":"https:\/\/mosareldecor.com\/index.php\/wp-json\/wp\/v2\/pages\/2342\/revisions\/2406"}],"wp:attachment":[{"href":"https:\/\/mosareldecor.com\/index.php\/wp-json\/wp\/v2\/media?parent=2342"}],"curies":[{"name":"wp","href":"https:\/\/api.w.org\/{rel}","templated":true}]}}